se -12 = o + 37. What are the prime factors of (3 + (1 - o))/1?
53
Let c be (-1)/(-5)*(-2 - -7). Suppose -c = 4*m - 41. Suppose 0*x - m = -x. List the prime factors of x.
2, 5
Let x(u) = -u - 4. Let g be x(-6). Suppose 1 = -3*l - 0*l + a, 0 = -g*l + 3*a - 3. Suppose 3*w = -l*w + 30. List the prime factors of w.
2, 5
Suppose -5*o + 31 = 1. Let g = o - -11. List the prime factors of g.
17
Let d(t) be the first derivative of -t**2 - 4. List the prime factors of d(-6).
2, 3
Suppose -3*o - 3*p - 51 = 0, 3 - 5 = p. Let z = -9 - o. What are the prime factors of z?
2, 3
Suppose -5*h = -60 + 20. Suppose -3*t - h = -2*d + 20, 5*d = -5*t - 5. List the prime factors of 3/t*2*-7.
7
Let s be -1 + (3*2 - 2). Suppose 4*k = -3*p + p + 12, -3*p + 5*k - 15 = 0. Suppose -12 = -p*j - s*j. What are the prime factors of j?
2
Suppose -2*a = -2*g + 206, -a + 535 = 5*g - 2*a. List the prime factors of g.
2, 3
Let k(l) = -l + 10. Let n be k(6). Let u(j) = j**2 - j - 1. List the prime factors of u(n).
11
Let p = 0 + -8. Let r = 13 - p. What are the prime factors of r?
3, 7
Suppose -47 = 4*t - 147. List the prime factors of t.
5
Suppose -4*x = -3*x. Suppose x*u = -2*z - 2*u - 4, -4*u = 5*z + 5. Suppose a = 5*a - b - 41, 0 = -4*a + z*b + 35. What are the prime factors of a?
11
Suppose 0*q = q - 5. Suppose 5*i = 4*i - 3*l + 10, q*l - 22 = -2*i. List the prime factors of i.
2
Let c = -15 - -21. Let j(z) be the first derivative of z**3/3 - 5*z**2/2 + 3*z - 1. List the prime factors of j(c).
3
Suppose -5*s = 2*c - 106, 3*s = 4*c - 2*s - 152. What are the prime factors of c?
43
Let o be 5 - (-2 + 4 - 1). Suppose -4*h + 0 = o. What are the prime factors of ((-3)/(-6))/(h/(-24))?
2, 3
Let w(j) = 1 - 6*j + 3*j**2 + 2*j + 2. Suppose -7 = -2*y - 3. List the prime factors of w(y).
7
Let q(l) be the third derivative of -l**5/60 + l**4/6 - l**3/6 + 3*l**2. Let s(w) = -w**2 + 10*w - 7. Let g be s(9). What are the prime factors of q(g)?
3
What are the prime factors of (-131*(2 + -1))/((-1)/1)?
131
Let r = -33 - -48. What are the prime factors of r?
3, 5
What are the prime factors of ((-24)/(-42) - (-1426)/(-21))*-3?
2, 101
Suppose -2*m - 4 = 2*i + 2*m, 0 = -4*i + m + 1. Suppose -3*f + 4*b + 66 + 22 = 0, i = 3*f - b - 76. Let v = -15 + f. What are the prime factors of v?
3
Suppose -480 = 2*b - 7*b. Suppose -2*m + b = 2*m. List the prime factors of m.
2, 3
Let r = 31 + 26. What are the prime factors of r?
3, 19
List the prime factors of -3 - (-11 - (4 + -1)).
11
Let a(d) = -10*d**3 - 2*d**2 + 1. Let w be a(-2). Suppose -3*h - 3*l = -63, 5*h + 0*l - w = 3*l. List the prime factors of h.
17
Let p(w) = w**3 + 8*w**2 + 2*w + 4. What are the prime factors of p(-6)?
2
List the prime factors of 1/1 + (-48)/(0 + -3).
17
Let d(h) = -h**3 + 5*h**2 + 3*h - 5. Suppose -15 = -3*x - 2*x. Suppose x*k - 7 = 8. List the prime factors of d(k).
2, 5
Let d(q) be the second derivative of 2*q**3/3 + q**2/2 + q. What are the prime factors of d(3)?
13
Let x(k) = 2*k**2 + 7*k + 4. Suppose -2*p - 2 = 6. List the prime factors of x(p).
2
Let q = -31 + 61. Suppose k - 3*j - 5 = 0, 0*j - q = -4*k + 2*j. List the prime factors of (6/(-4))/(k/(-48)).
3
Let i(z) = z**2 + 6*z. Let a be i(-4). Let j = -20 - -33. Let f = a + j. List the prime factors of f.
5
Suppose -j = -4 - 3. Let q = j - -7. What are the prime factors of q?
2, 7
Let b = -21 + 66. List the prime factors of b.
3, 5
Suppose -3*f - 18 = -3*m, 30 = -0*m + 5*m + f. Let o = m + -3. What are the prime factors of o?
3
Let r be 27/(-5) + 4/10. Suppose 22*p - 24*p = -16. Let l = r + p. What are the prime factors of l?
3
Let d(a) = a**3 + 8*a**2 + 7*a + 6. List the prime factors of d(-7).
2, 3
Suppose -6*m = -3*m - i - 143, 3*m = -i + 151. List the prime factors of m.
7
Suppose 12*l + 1438 = 6382. What are the prime factors of l?
2, 103
Suppose -2*t = -t - 2. List the prime factors of (48/36)/(t/42).
2, 7
Let l = -1 + 5. Let b(c) = c**3 + 2 + 6*c**2 + l - 2*c**3 - 1. What are the prime factors of b(6)?
5
Let z be (0 - (2 + -2)) + -10. Let q(y) = 9*y**3 - 2*y + 1. Let k be q(1). What are the prime factors of (k/z)/((-4)/10)?
2
Let s(t) = t**2 + 2*t - 7. Let f be (0 - -2)*(-3)/(-2). Suppose 0 = -h - f*a + 1, 0 = -5*h + a - 15 - 12. List the prime factors of s(h).
2
Suppose 13*t - 4 = 11*t. Suppose -5*s + t*s + 78 = 0. What are the prime factors of s?
2, 13
Let w(r) = -22*r - 15. What are the prime factors of w(-4)?
73
Let c = -7 - -10. Suppose 0 = -c*a + 22 + 20. What are the prime factors of a?
2, 7
Let t = -26 + 43. Let a = 1 + t. What are the prime factors of a?
2, 3
Suppose -r = -6*r - 20, -16 = 2*m + 5*r. Let j(h) = -3*h**2 + m*h**2 + 3*h**2 + 3 + 2*h. What are the prime factors of j(-3)?
3, 5
Let w be 6/8*-1*-4. Let l(y) = w + 6*y**2 + 2*y + y - 1 + y**3. What are the prime factors of l(-5)?
2, 3
Let p(t) = -t - 5. Let s be p(-4). Suppose 10 = 2*v - 8. Let d = v - s. List the prime factors of d.
2, 5
Let h = 91 - 42. List the prime factors of h.
7
Suppose 6*i = i + 55. Let f(p) = 2*p - 5. Let l be f(4). Let w = l + i. What are the prime factors of w?
2, 7
Suppose -240 = -2*o - 2*x, 3*x - 724 = -5*o - 126. What are the prime factors of o?
7, 17
Let l be -1 + (7 - (1 + 2)). Suppose 0 = -3*o - 3*j + 114, 113 = 3*o + j + l*j. List the prime factors of o.
3, 13
Let g(n) = 3*n**2 + 5*n - 5*n**2 + 2 + 1 + n**2. Let s be g(4). Let k = -4 + s. List the prime factors of k.
3
Suppose 5*o = 4*o + 3. Suppose -5*f + 0*f - 2*d + 119 = 0, 0 = 4*f + o*d - 91. What are the prime factors of f?
5
Suppose -275 = -4*v + 3*n, 2 = -n + 5. List the prime factors of v.
71
Let a be (-4)/16 - 82/(-8). Let v = a + -16. List the prime factors of (-84)/(-18)*v/(-2).
2, 7
Suppose -4*b = 3*s - 4*s + 42, -3*b + 117 = 2*s. What are the prime factors of s?
2, 3
What are the prime factors of 0 + (5 - (-4 - -5))?
2
Suppose -5*d - 32 = -5*k + 18, k - 25 = 4*d. Suppose 5*v = k*f + 90, 2*v + 4*f + 33 = 3*v. List the prime factors of v.
13
Suppose 0 = -2*o + 3*o. Suppose 2*h - h - 2 = o. Suppose h*m = m + 10. List the prime factors of m.
2, 5
Let n(y) = y + 8. Let p be n(-8). Suppose 0 = -5*i - 15, -i + 24 = o + 2*i. Suppose -m + 4*m - o = p. List the prime factors of m.
11
List the prime factors of (-1)/(3 + -2 - (-426)/(-425)).
5, 17
Let z(h) = 3*h + 87. List the prime factors of z(-8).
3, 7
What are the prime factors of 20/(-70) + (550/(-7))/(-2)?
3, 13
Suppose 2*f - 8 = -2*f. Suppose f*z = -3 + 41. What are the prime factors of z?
19
Suppose 2*j = -5*r + 26, -3*r + 10*j - 3 = 5*j. Suppose -5*h = -0*f + f - 1, -5*f + 5 = 3*h. Let y = r - h. What are the prime factors of y?
2
Let y(x) = x**3 - 3*x**2 - x + 4. Suppose -3*z = -7 - 5. Let m be y(z). Let h = m - 10. List the prime factors of h.
2, 3
Let r(p) = p**2 + 10*p - 8. Let x be r(-11). List the prime factors of x + (1 - 4) + 2.
2
Let v(o) be the second derivative of 2*o**3 - o**2/2 + 4*o. What are the prime factors of v(2)?
23
Suppose 0 = 4*t - l - 5, -5*t = 2*l + 9 + 1. Let h(z) = -z. Let p be h(t). Suppose f + p*f - 4 = 0. List the prime factors of f.
2
List the prime factors of ((-2)/32*-524)/((-1)/(-4)).
131
Let s(c) = -c**3 - 6*c**2 - 6*c - 3. Let k be s(-5). Suppose 6 = k*d - 4. Suppose 4*z + j - 43 = -0*j, -5*j + 35 = d*z. List the prime factors of z.
2, 3
Suppose n = 2*r + 63, 2*n - 5*n - 5*r = -189. List the prime factors of n.
3, 7
Let a(p) = -p**3 + 10*p**2 + 11*p - 11. List the prime factors of a(9).
13
Suppose 99 = 3*t - 2*t - 3*h, h + 103 = t. List the prime factors of t.
3, 5, 7
Suppose -1 = 5*z + 4. Let t(r) = -4*r - 1. List the prime factors of t(z).
3
Let t = 9 - 5. Suppose 3*q = 5*l + 29, 2*q = -t*l + 67 - 11. What are the prime factors of q?
2, 3
Let x(k) be the first derivative of k**3/3 + 2*k**2 - 2*k - 2. Let j be x(-4). Let s = 3 - j. What are the prime factors of s?
5
Suppose -4*j = -2*k + 174, -3*k + 5*j + 118 = -142. List the prime factors of k.
5, 17
Suppose -2*y = -l - 1 - 0, -3*y = 2*l + 30. Let k = l + 2. Let u = k + 13. What are the prime factors of u?
2, 3
What are the prime factors of ((-18)/10)/((-3)/20)?
2, 3
Let z = -122 + 211. List the prime factors of z.
89
Let s = 20 + 25. List the prime factors of s.
3, 5
Let m = -7 - -81. Suppose -5*f - 2*c + m = -0*f, -5*f + 3*c = -64. List the prime factors of f.
2,